{"id":2614,"date":"2024-02-27T21:40:35","date_gmt":"2024-02-27T21:40:35","guid":{"rendered":"http:\/\/seltemizlikunye.com\/?page_id=2614"},"modified":"2024-02-28T09:54:40","modified_gmt":"2024-02-28T09:54:40","slug":"insaat-oncesi-sonrasi-temizlik","status":"publish","type":"page","link":"https:\/\/seltemizlikunye.com\/?page_id=2614","title":{"rendered":"\u0130n\u015faat \u00d6ncesi ve Sonras\u0131 Temizli\u011fi"},"content":{"rendered":"\t\t<div data-elementor-type=\"wp-page\" data-elementor-id=\"2614\" class=\"elementor elementor-2614\">\n\t\t\t\t<div class=\"elementor-element elementor-element-f7c4174 e-flex e-con-boxed e-con e-parent\" data-id=\"f7c4174\" data-element_type=\"container\">\n\t\t\t\t\t<div class=\"e-con-inner\">\n\t\t<div class=\"elementor-element elementor-element-9c6a2f0 e-con-full sidebar-area e-flex e-con e-child\" data-id=\"9c6a2f0\" data-element_type=\"container\">\n\t\t\r\n\t\t<div class=\"elementor-element elementor-element-bdb8452 elementor-widget elementor-widget-poolaxservicelist\" data-id=\"bdb8452\" data-element_type=\"widget\" data-widget_type=\"poolaxservicelist.default\">\n\t\t\t\t<div class=\"elementor-widget-container\">\n\t\t\t\t\t<div class=\"widget widget_categories  \"><h3 class=\"widget_title\">Hizmetlerimiz<\/h3><ul><li><a href=\"http:\/\/seltemizlikunye.com\/?page_id=2619\">Ev Temizli\u011fi<\/a><i class=\"fa-regular fa-arrow-right\"><\/i><\/li><li><a href=\"http:\/\/seltemizlikunye.com\/?page_id=2614\">\u0130n\u015faat Sonras\u0131 Temizlik<\/a><i class=\"fa-regular fa-arrow-right\"><\/i><\/li><li><a href=\"http:\/\/seltemizlikunye.com\/?page_id=876\">Ofis Temizli\u011fi<\/a><i class=\"fa-regular fa-arrow-right\"><\/i><\/li><li><a href=\"http:\/\/seltemizlikunye.com\/?page_id=2631\">Merdiven Temizli\u011fi<\/a><i class=\"fa-regular fa-arrow-right\"><\/i><\/li><\/ul><\/div>\t\t\t\t<\/div>\n\t\t\t\t<\/div>\n\t\t\t\t<div class=\"elementor-element elementor-element-eeb2e35 elementor-widget elementor-widget-poolaxoffer\" data-id=\"eeb2e35\" data-element_type=\"widget\" data-widget_type=\"poolaxoffer.default\">\n\t\t\t\t<div class=\"elementor-widget-container\">\n\t\t\t\t\t<div class=\"widget widget_offer style2\" data-bg-src=\"https:\/\/themeholy.com\/wordpress\/poolax\/wp-content\/uploads\/2023\/10\/widget_bg_1.jpg\"><div class=\"offer-banner\"><div class=\"banner-logo\"><img decoding=\"async\" src=\"http:\/\/seltemizlikunye.com\/wp-content\/uploads\/2024\/02\/Blue-Minimalist-Cleaning-Service-Logo-1-e1709067965907.png\" alt=\"Blue Minimalist Cleaning Service Logo 1 e1709067965907\"  \/><\/div><h5 class=\"banner-title\">Temizli\u011fe mi \u0130htiyac\u0131n\u0131z Var?<\/h5><div class=\"offer\"><h6 class=\"offer-title\"><span class=\"text-theme\">Sel Temizlik<\/span> <\/h6><p class=\"offer-text\">Sizin Yan\u0131n\u0131zda<\/p><\/div><a href=\"tel:+90542%20497%2062%2013\" class=\"th-btn th_btn\">\u0130leti\u015fime Ge\u00e7<\/a><\/div><\/div>\t\t\t\t<\/div>\n\t\t\t\t<\/div>\n\t\t\t\t<\/div>\n\t\t<div class=\"elementor-element elementor-element-ec4823d e-con-full e-flex e-con e-child\" data-id=\"ec4823d\" data-element_type=\"container\">\n\t\t<div class=\"elementor-element elementor-element-48260ca e-con-full e-flex e-con e-child\" data-id=\"48260ca\" data-element_type=\"container\" data-settings=\"{&quot;background_background&quot;:&quot;classic&quot;}\">\n\t\t\t\t<div class=\"elementor-element elementor-element-caae34d elementor-widget elementor-widget-image\" data-id=\"caae34d\" data-element_type=\"widget\" data-widget_type=\"image.default\">\n\t\t\t\t<div class=\"elementor-widget-container\">\n\t\t\t\t\t\t\t\t\t\t\t\t\t\t\t<img fetchpriority=\"high\" decoding=\"async\" width=\"1200\" height=\"799\" src=\"https:\/\/seltemizlikunye.com\/wp-content\/uploads\/2024\/02\/insattemzilk.jpg\" class=\"attachment-full size-full wp-image-2624\" alt=\"\" srcset=\"https:\/\/seltemizlikunye.com\/wp-content\/uploads\/2024\/02\/insattemzilk.jpg 1200w, https:\/\/seltemizlikunye.com\/wp-content\/uploads\/2024\/02\/insattemzilk-300x200.jpg 300w, https:\/\/seltemizlikunye.com\/wp-content\/uploads\/2024\/02\/insattemzilk-1024x682.jpg 1024w, https:\/\/seltemizlikunye.com\/wp-content\/uploads\/2024\/02\/insattemzilk-768x511.jpg 768w, https:\/\/seltemizlikunye.com\/wp-content\/uploads\/2024\/02\/insattemzilk-600x400.jpg 600w\" sizes=\"(max-width: 1200px) 100vw, 1200px\" \/>\t\t\t\t\t\t\t\t\t\t\t\t\t\t\t<\/div>\n\t\t\t\t<\/div>\n\t\t\t\t<div class=\"elementor-element elementor-element-e64fc0c elementor-widget elementor-widget-heading\" data-id=\"e64fc0c\" data-element_type=\"widget\" data-widget_type=\"heading.default\">\n\t\t\t\t<div class=\"elementor-widget-container\">\n\t\t\t\t\t<h2 class=\"elementor-heading-title elementor-size-default\">\u0130n\u015faat Sonras\u0131 Temizli\u011fi<\/h2>\t\t\t\t<\/div>\n\t\t\t\t<\/div>\n\t\t\t\t<div class=\"elementor-element elementor-element-81cbbd5 elementor-widget elementor-widget-text-editor\" data-id=\"81cbbd5\" data-element_type=\"widget\" data-widget_type=\"text-editor.default\">\n\t\t\t\t<div class=\"elementor-widget-container\">\n\t\t\t\t\t\t\t\t\t<p>\u00a0<\/p><p><strong>Ordu \u00dcnye \u0130n\u015faat Sonras\u0131 Temizlik: Profesyonel ve Detayl\u0131 Hizmet<\/strong><\/p><p>Sel Temizlik, Ordu \u00dcnye b\u00f6lgesindeki in\u015faat sonras\u0131 temizlik ihtiya\u00e7lar\u0131n\u0131za \u00f6zel, profesyonel ve detayl\u0131 hizmet sunmaktad\u0131r. Yeni yap\u0131lan bir in\u015faat\u0131n ard\u0131ndan ortaya \u00e7\u0131kan kal\u0131nt\u0131lar\u0131 temizlemek, sadece estetik bir g\u00f6r\u00fcnt\u00fc sa\u011flamakla kalmaz, ayn\u0131 zamanda g\u00fcvenli bir ya\u015fam alan\u0131 olu\u015fturur. Google aramalar\u0131nda \u00f6ne \u00e7\u0131kmak ve Ordu \u00dcnye&#8217;deki m\u00fc\u015fterilere etkili bir \u015fekilde ula\u015fmak i\u00e7in \u00f6zel in\u015faat sonras\u0131 temizlik hizmet i\u00e7eri\u011fimizi sizinle payla\u015f\u0131yoruz.<\/p>\t\t\t\t\t\t\t\t<\/div>\n\t\t\t\t<\/div>\n\t\t\t\t<div class=\"elementor-element elementor-element-cfff592 elementor-widget elementor-widget-text-editor\" data-id=\"cfff592\" data-element_type=\"widget\" data-widget_type=\"text-editor.default\">\n\t\t\t\t<div class=\"elementor-widget-container\">\n\t\t\t\t\t\t\t\t\t<p><strong>\u0130n\u015faat Sonras\u0131 Temizlik Hizmet \u0130\u00e7eri\u011fi:<\/strong><\/p><ol><li><p><strong>Yap\u0131 Malzemelerinin Temizlenmesi:<\/strong> \u0130n\u015faat sonras\u0131 temizlikte en \u00f6nemli ad\u0131mlardan biri, in\u015faat kal\u0131nt\u0131lar\u0131 olan yap\u0131 malzemelerinin temizlenmesidir. Sel Temizlik, bu malzemeleri \u00f6zenle temizleyerek ortam\u0131 d\u00fczenler.<\/p><\/li><li><p><strong>Toz Alma ve Y\u00fczey Temizli\u011fi:<\/strong> \u0130n\u015faat sonras\u0131 olu\u015fan toz ve kir, detayl\u0131 bir temizlik gerektirir. Sel Temizlik, y\u00fczey temizli\u011fi ve toz alma i\u015flemlerini titizlikle ger\u00e7ekle\u015ftirir.<\/p><\/li><li><p><strong>Zemin Temizli\u011fi:<\/strong> Yeni d\u00f6\u015fenen zeminlerin temizli\u011fi, \u00f6zel bir hassasiyet ister. Sel Temizlik, farkl\u0131 zemin t\u00fcrlerine uygun temizlik y\u00f6ntemleri ile hijyen sa\u011flar.<\/p><\/li><li><p><strong>Cam ve Duvar Temizli\u011fi:<\/strong> \u0130n\u015faat sonras\u0131 cam ve duvar y\u00fczeyleri genellikle boyadan, yap\u0131\u015fkanlardan ve di\u011fer kal\u0131nt\u0131lardan etkilenir. Sel Temizlik, cam ve duvar temizli\u011finde profesyonel \u00e7\u00f6z\u00fcmler sunar.<\/p><\/li><\/ol>\t\t\t\t\t\t\t\t<\/div>\n\t\t\t\t<\/div>\n\t\t\t\t<\/div>\n\t\t\t\t<\/div>\n\t\t\t\t\t<\/div>\n\t\t\t\t<\/div>\n\t\t\t\t<\/div>\n\t\t","protected":false},"excerpt":{"rendered":"<p>Hizmetlerimiz Ev Temizli\u011fi \u0130n\u015faat Sonras\u0131 Temizlik Ofis Temizli\u011fi Merdiven Temizli\u011fi Temizli\u011fe mi \u0130htiyac\u0131n\u0131z Var? Sel Temizlik Sizin Yan\u0131n\u0131zda \u0130leti\u015fime Ge\u00e7 \u0130n\u015faat Sonras\u0131 Temizli\u011fi \u00a0 Ordu \u00dcnye \u0130n\u015faat Sonras\u0131 Temizlik: Profesyonel ve Detayl\u0131 Hizmet Sel Temizlik, Ordu \u00dcnye b\u00f6lgesindeki in\u015faat sonras\u0131 temizlik ihtiya\u00e7lar\u0131n\u0131za \u00f6zel, profesyonel ve detayl\u0131 hizmet sunmaktad\u0131r. Yeni yap\u0131lan bir in\u015faat\u0131n ard\u0131ndan ortaya \u00e7\u0131kan&#8230;<\/p>\n","protected":false},"author":1,"featured_media":0,"parent":0,"menu_order":0,"comment_status":"closed","ping_status":"closed","template":"template-builder.php","meta":{"ngg_post_thumbnail":0,"footnotes":""},"_links":{"self":[{"href":"https:\/\/seltemizlikunye.com\/index.php?rest_route=\/wp\/v2\/pages\/2614"}],"collection":[{"href":"https:\/\/seltemizlikunye.com\/index.php?rest_route=\/wp\/v2\/pages"}],"about":[{"href":"https:\/\/seltemizlikunye.com\/index.php?rest_route=\/wp\/v2\/types\/page"}],"author":[{"embeddable":true,"href":"https:\/\/seltemizlikunye.com\/index.php?rest_route=\/wp\/v2\/users\/1"}],"replies":[{"embeddable":true,"href":"https:\/\/seltemizlikunye.com\/index.php?rest_route=%2Fwp%2Fv2%2Fcomments&post=2614"}],"version-history":[{"count":15,"href":"https:\/\/seltemizlikunye.com\/index.php?rest_route=\/wp\/v2\/pages\/2614\/revisions"}],"predecessor-version":[{"id":2682,"href":"https:\/\/seltemizlikunye.com\/index.php?rest_route=\/wp\/v2\/pages\/2614\/revisions\/2682"}],"wp:attachment":[{"href":"https:\/\/seltemizlikunye.com\/index.php?rest_route=%2Fwp%2Fv2%2Fmedia&parent=2614"}],"curies":[{"name":"wp","href":"https:\/\/api.w.org\/{rel}","templated":true}]}}